{"id":2975,"date":"2023-08-30T11:57:03","date_gmt":"2023-08-30T11:57:03","guid":{"rendered":"https:\/\/fka.mta.hu\/?post_type=tagok&#038;p=2975"},"modified":"2024-08-26T14:47:32","modified_gmt":"2024-08-26T14:47:32","slug":"sik-domonkos","status":"publish","type":"tagok","link":"https:\/\/fka.mta.hu\/en\/tagok\/sik-domonkos\/","title":{"rendered":"Sik, Domonkos"},"content":{"rendered":"<p><span style=\"font-weight: 400;\"><strong>Domonkos Sik<\/strong> is an associate professor of sociology at E\u00f6tv\u00f6s Lor\u00e1nd University, Hungary, where he has been a faculty member for the past five years. His research deals with various topics in critical theory including phenomenology of mental disorders and the transformation of political culture in the post-transition period. He participated in several research projects funded by EU FP7 (MYPLACE, MyWeb) and the NRDI. Currently, he is the principal investigator of a project about &#8220;Solidarity in late modernity&#8221; (funded by NRDI). His work has appeared in journals such as <em>The Sociological Review<\/em>, <em>European Journal of Social Theory and Politics<\/em>, <em>Culture and Socialization<\/em>. He has written several monographs including the recent <\/span><i><span style=\"font-weight: 400;\">Radicalism and Indifference<\/span><\/i><span style=\"font-weight: 400;\"> (Peter Lang 2016).<\/span><\/p>\n","protected":false},"excerpt":{"rendered":"Domonkos Sik is an associate professor of sociology at E\u00f6tv\u00f6s Lor\u00e1nd University, Hungary, where he has been a faculty member for the past five years. His research deals with various topics in critical theory including phenomenology of mental disorders and the transformation of political culture in the post-transition period. He participated in several research projects&#8230; <a class=\"view-article\" href=\"https:\/\/fka.mta.hu\/en\/tagok\/sik-domonkos\/\">View Article<\/a>","protected":false},"featured_media":1353,"template":"","meta":{"_acf_changed":false,"footnotes":""},"categories":[18],"tags":[],"class_list":["post-2975","tagok","type-tagok","status-publish","has-post-thumbnail","hentry","category-alumni"],"acf":[],"_links":{"self":[{"href":"https:\/\/fka.mta.hu\/en\/wp-json\/wp\/v2\/tagok\/2975","targetHints":{"allow":["GET"]}}],"collection":[{"href":"https:\/\/fka.mta.hu\/en\/wp-json\/wp\/v2\/tagok"}],"about":[{"href":"https:\/\/fka.mta.hu\/en\/wp-json\/wp\/v2\/types\/tagok"}],"version-history":[{"count":1,"href":"https:\/\/fka.mta.hu\/en\/wp-json\/wp\/v2\/tagok\/2975\/revisions"}],"predecessor-version":[{"id":2976,"href":"https:\/\/fka.mta.hu\/en\/wp-json\/wp\/v2\/tagok\/2975\/revisions\/2976"}],"wp:featuredmedia":[{"embeddable":true,"href":"https:\/\/fka.mta.hu\/en\/wp-json\/wp\/v2\/media\/1353"}],"wp:attachment":[{"href":"https:\/\/fka.mta.hu\/en\/wp-json\/wp\/v2\/media?parent=2975"}],"wp:term":[{"taxonomy":"category","embeddable":true,"href":"https:\/\/fka.mta.hu\/en\/wp-json\/wp\/v2\/categories?post=2975"},{"taxonomy":"post_tag","embeddable":true,"href":"https:\/\/fka.mta.hu\/en\/wp-json\/wp\/v2\/tags?post=2975"}],"curies":[{"name":"wp","href":"https:\/\/api.w.org\/{rel}","templated":true}]}}

<p><span style="font-weight: 400;"><strong>Domonkos Sik</strong> is an associate professor of sociology at Eötvös Loránd University, Hungary, where he has been a faculty member for the past five years. His research deals with various topics in critical theory including phenomenology of mental disorders and the transformation of political culture in the post-transition period. He participated in several research projects funded by EU FP7 (MYPLACE, MyWeb) and the NRDI. Currently, he is the principal investigator of a project about &#8220;Solidarity in late modernity&#8221; (funded by NRDI). His work has appeared in journals such as <em>The Sociological Review</em>, <em>European Journal of Social Theory and Politics</em>, <em>Culture and Socialization</em>. He has written several monographs including the recent </span><i><span style="font-weight: 400;">Radicalism and Indifference</span></i><span style="font-weight: 400;"> (Peter Lang 2016).</span></p>

Domonkos Sik is an associate professor of sociology at Eötvös Loránd University, Hungary, where he has been a faculty member for the past five years. His research deals with various topics in critical theory including phenomenology of mental disorders and the transformation of political culture in the post-transition period. He participated in several research projects&#8230; <a class="view-article" href="https://fka.mta.hu/en/tagok/sik-domonkos/">View Article</a>
