{"id":2428,"date":"2024-04-18T15:19:30","date_gmt":"2024-04-18T15:19:30","guid":{"rendered":"https:\/\/fka.mta.hu\/?post_type=sajto&#038;p=2428"},"modified":"2024-04-22T21:59:34","modified_gmt":"2024-04-22T21:59:34","slug":"a-fiatal-kutatok-helyzete-magyarorszagon","status":"publish","type":"sajto","link":"https:\/\/fka.mta.hu\/en\/sajto\/a-fiatal-kutatok-helyzete-magyarorszagon\/","title":{"rendered":"A fiatal kutat\u00f3k helyzete Magyarorsz\u00e1gon"},"content":{"rendered":"<p>Id\u00e9n is egy h\u00f3napon \u00e1t tart\u00f3 programsorozattal v\u00e1rja az \u00e9rdekl\u0151d\u0151ket az MTA a Magyar Tudom\u00e1ny \u00dcnnepe alkalm\u00e1b\u00f3l. Ennek r\u00e9szek\u00e9nt tartottak el\u0151ad\u00e1st &#8220;Hol a hat\u00e1r? A fiatal kutat\u00f3k Magyarorsz\u00e1gon&#8221; c\u00edmmel 2018. november 13-\u00e1n a Magyar Tudom\u00e1nyos Akad\u00e9mia sz\u00e9kh\u00e1z\u00e1ban.<\/p>\n","protected":false},"featured_media":2429,"template":"","class_list":["post-2428","sajto","type-sajto","status-publish","has-post-thumbnail","hentry"],"acf":[],"_links":{"self":[{"href":"https:\/\/fka.mta.hu\/en\/wp-json\/wp\/v2\/sajto\/2428","targetHints":{"allow":["GET"]}}],"collection":[{"href":"https:\/\/fka.mta.hu\/en\/wp-json\/wp\/v2\/sajto"}],"about":[{"href":"https:\/\/fka.mta.hu\/en\/wp-json\/wp\/v2\/types\/sajto"}],"version-history":[{"count":0,"href":"https:\/\/fka.mta.hu\/en\/wp-json\/wp\/v2\/sajto\/2428\/revisions"}],"wp:featuredmedia":[{"embeddable":true,"href":"https:\/\/fka.mta.hu\/en\/wp-json\/wp\/v2\/media\/2429"}],"wp:attachment":[{"href":"https:\/\/fka.mta.hu\/en\/wp-json\/wp\/v2\/media?parent=2428"}],"curies":[{"name":"wp","href":"https:\/\/api.w.org\/{rel}","templated":true}]}}

A fiatal kutatók helyzete Magyarországon

<p>Idén is egy hónapon át tartó programsorozattal várja az érdeklődőket az MTA a Magyar Tudomány Ünnepe alkalmából. Ennek részeként tartottak előadást &#8220;Hol a határ? A fiatal kutatók Magyarországon&#8221; címmel 2018. november 13-án a Magyar Tudományos Akadémia székházában.</p>
