{"id":2427,"date":"2024-04-18T15:16:43","date_gmt":"2024-04-18T15:16:43","guid":{"rendered":"https:\/\/fka.mta.hu\/?post_type=sajto&#038;p=2427"},"modified":"2024-04-22T22:01:02","modified_gmt":"2024-04-22T22:01:02","slug":"igy-latjak-magukat-es-helyzetuket-a-fiatal-kutatok","status":"publish","type":"sajto","link":"https:\/\/fka.mta.hu\/en\/sajto\/igy-latjak-magukat-es-helyzetuket-a-fiatal-kutatok\/","title":{"rendered":"\u00cdgy l\u00e1tj\u00e1k magukat \u00e9s helyzet\u00fcket a fiatal kutat\u00f3k"},"content":{"rendered":"<p>A tudom\u00e1nyos p\u00e1ly\u00e1t v\u00e1laszt\u00f3kat legink\u00e1bb a felfedez\u00e9s izgalma \u00e9s a tudom\u00e1nyos elhivatotts\u00e1g motiv\u00e1lja, de a jelent\u0151s m\u00e9rt\u00e9k\u0171 p\u00e1lyaelhagy\u00e1s megel\u0151z\u00e9s\u00e9hez fontos lenne a b\u00e9rek tov\u00e1bbi emel\u00e9se, a kutat\u00e1si forr\u00e1sok b\u0151v\u00edt\u00e9se \u00e9s az infrastrukt\u00fara fejleszt\u00e9se is \u2013 ez az egyik legfontosabb meg\u00e1llap\u00edt\u00e1sa annak a felm\u00e9r\u00e9snek, amelyet az MTA 189. k\u00f6zgy\u0171l\u00e9s\u00e9hez kapcsol\u00f3dva megrendezett Fiatal Kutat\u00f3k F\u00f3rum\u00e1n ismertettek. A tavalyi els\u0151 rendezv\u00e9ny ut\u00e1n most m\u00e1sod\u00edzben megtartott tan\u00e1cskoz\u00e1son a r\u00e9sztvev\u0151k megismerhett\u00e9k azt a vitaanyagot is, amelynek nyom\u00e1n elk\u00e9sz\u00fclhet majd a Fiatalok Akad\u00e9mi\u00e1j\u00e1nak alapszab\u00e1lya.<\/p>\n","protected":false},"featured_media":2424,"template":"","class_list":["post-2427","sajto","type-sajto","status-publish","has-post-thumbnail","hentry"],"acf":[],"_links":{"self":[{"href":"https:\/\/fka.mta.hu\/en\/wp-json\/wp\/v2\/sajto\/2427","targetHints":{"allow":["GET"]}}],"collection":[{"href":"https:\/\/fka.mta.hu\/en\/wp-json\/wp\/v2\/sajto"}],"about":[{"href":"https:\/\/fka.mta.hu\/en\/wp-json\/wp\/v2\/types\/sajto"}],"version-history":[{"count":0,"href":"https:\/\/fka.mta.hu\/en\/wp-json\/wp\/v2\/sajto\/2427\/revisions"}],"wp:featuredmedia":[{"embeddable":true,"href":"https:\/\/fka.mta.hu\/en\/wp-json\/wp\/v2\/media\/2424"}],"wp:attachment":[{"href":"https:\/\/fka.mta.hu\/en\/wp-json\/wp\/v2\/media?parent=2427"}],"curies":[{"name":"wp","href":"https:\/\/api.w.org\/{rel}","templated":true}]}}

Így látják magukat és helyzetüket a fiatal kutatók

<p>A tudományos pályát választókat leginkább a felfedezés izgalma és a tudományos elhivatottság motiválja, de a jelentős mértékű pályaelhagyás megelőzéséhez fontos lenne a bérek további emelése, a kutatási források bővítése és az infrastruktúra fejlesztése is – ez az egyik legfontosabb megállapítása annak a felmérésnek, amelyet az MTA 189. közgyűléséhez kapcsolódva megrendezett Fiatal Kutatók Fórumán ismertettek. A tavalyi első rendezvény után most másodízben megtartott tanácskozáson a résztvevők megismerhették azt a vitaanyagot is, amelynek nyomán elkészülhet majd a Fiatalok Akadémiájának alapszabálya.</p>
