{"id":5598,"date":"2026-04-28T11:03:40","date_gmt":"2026-04-28T11:03:40","guid":{"rendered":"https:\/\/fka.mta.hu\/?post_type=publikacio&#038;p=5598"},"modified":"2026-04-28T11:03:40","modified_gmt":"2026-04-28T11:03:40","slug":"a-fiatal-kutatok-akademiaja-elso-het-eve","status":"publish","type":"publikacio","link":"https:\/\/fka.mta.hu\/en\/publikacio\/a-fiatal-kutatok-akademiaja-elso-het-eve\/","title":{"rendered":"A Fiatal Kutat\u00f3k Akad\u00e9mi\u00e1ja els\u0151 h\u00e9t \u00e9ve"},"content":{"rendered":"<p>A Fiatal Kutat\u00f3k Akad\u00e9mi\u00e1ja (FKA) imm\u00e1r a hazai tudom\u00e1nyos \u00e9let egyik fontos szerepl\u0151je, amely megalakul\u00e1sa \u00f3ta k\u00f6vetkezetesen azon dolgozik, hogy a fiatal kutat\u00f3k \u00e9rdekeit k\u00e9pviselje, szakmai kiv\u00e1l\u00f3s\u00e1gukat \u00e9s fejl\u0151d\u00e9s\u00fcket t\u00e1mogassa, enyh\u00edtse a tudom\u00e1nyos p\u00e1ly\u00e1n tapasztalhat\u00f3 egyenl\u0151tlens\u00e9geket, felkeltse \u00e9s fenntartsa a tudom\u00e1nyos p\u00e1lya ir\u00e1nti \u00e9rdekl\u0151d\u00e9st, er\u0151s\u00edtse a kutat\u00f3k \u00e9s a t\u00e1rsadalom k\u00f6z\u00f6tti kapcsolatot, valamint akt\u00edvan j\u00e1ruljon hozz\u00e1 a magyar tudom\u00e1nypolitika alak\u00edt\u00e1s\u00e1hoz. Az FKA f\u0151 c\u00e9lja, hogy a fiatal kutat\u00f3k hangja legyen Magyarorsz\u00e1gon. Az FKA a Magyar Tudom\u00e1nyos Akad\u00e9mia mellett m\u0171k\u00f6d\u0151 szervezet, amely 2019-ben alakult azzal a c\u00e9llal, hogy \u00e9rdekk\u00e9pviseletet biztos\u00edtson a 45 \u00e9v alatti fiatal kutat\u00f3knak, tov\u00e1bb\u00e1 el\u0151seg\u00edtse tudom\u00e1nypolitikai szerepv\u00e1llal\u00e1sukat.<\/p>\n","protected":false},"featured_media":0,"template":"","class_list":["post-5598","publikacio","type-publikacio","status-publish","hentry"],"acf":[],"_links":{"self":[{"href":"https:\/\/fka.mta.hu\/en\/wp-json\/wp\/v2\/publikacio\/5598","targetHints":{"allow":["GET"]}}],"collection":[{"href":"https:\/\/fka.mta.hu\/en\/wp-json\/wp\/v2\/publikacio"}],"about":[{"href":"https:\/\/fka.mta.hu\/en\/wp-json\/wp\/v2\/types\/publikacio"}],"wp:attachment":[{"href":"https:\/\/fka.mta.hu\/en\/wp-json\/wp\/v2\/media?parent=5598"}],"curies":[{"name":"wp","href":"https:\/\/api.w.org\/{rel}","templated":true}]}}

A Fiatal Kutatók Akadémiája első hét éve

<p>A Fiatal Kutatók Akadémiája (FKA) immár a hazai tudományos élet egyik fontos szereplője, amely megalakulása óta következetesen azon dolgozik, hogy a fiatal kutatók érdekeit képviselje, szakmai kiválóságukat és fejlődésüket támogassa, enyhítse a tudományos pályán tapasztalható egyenlőtlenségeket, felkeltse és fenntartsa a tudományos pálya iránti érdeklődést, erősítse a kutatók és a társadalom közötti kapcsolatot, valamint aktívan járuljon hozzá a magyar tudománypolitika alakításához. Az FKA fő célja, hogy a fiatal kutatók hangja legyen Magyarországon. Az FKA a Magyar Tudományos Akadémia mellett működő szervezet, amely 2019-ben alakult azzal a céllal, hogy érdekképviseletet biztosítson a 45 év alatti fiatal kutatóknak, továbbá elősegítse tudománypolitikai szerepvállalásukat.</p>
