{"id":2457,"date":"2024-04-23T16:54:11","date_gmt":"2024-04-23T16:54:11","guid":{"rendered":"https:\/\/fka.mta.hu\/?post_type=publikacio&#038;p=2457"},"modified":"2024-12-18T15:57:51","modified_gmt":"2024-12-18T15:57:51","slug":"gondolatok-az-egyetemi-eletpalyarol-elomenetelrol-es-minositesrol","status":"publish","type":"publikacio","link":"https:\/\/fka.mta.hu\/en\/publikacio\/gondolatok-az-egyetemi-eletpalyarol-elomenetelrol-es-minositesrol\/","title":{"rendered":"Gondolatok az egyetemi \u00e9letp\u00e1ly\u00e1r\u00f3l, el\u0151menetelr\u0151l \u00e9s min\u0151s\u00edt\u00e9sr\u0151l"},"content":{"rendered":"<p>Az egyetemek teljes\u00edtm\u00e9ny\u00e9nek, oktat\u00e1si kapacit\u00e1s\u00e1nak kulcsa a hum\u00e1ner\u0151forr\u00e1sokkal val\u00f3 b\u00f6lcs gazd\u00e1lkod\u00e1s, a kompetens \u00e9s versenyk\u00e9pes kutat\u00f3i-oktat\u00f3i r\u00e9teg megtart\u00e1sa \u00e9s tov\u00e1bbi er\u0151s\u00edt\u00e9se, ami nem k\u00e9pzelhet\u0151 el kisz\u00e1m\u00edthat\u00f3 \u00e9s vonz\u00f3 \u00e9letp\u00e1lyamodellek bevezet\u00e9se, illetve a jelenlegi b\u00e9rek jelent\u0151s m\u00e9rt\u00e9k\u0171 emel\u00e9se n\u00e9lk\u00fcl. Ezek hi\u00e1ny\u00e1ban a leg\u00edg\u00e9retesebb oktat\u00f3k \u00e9s kutat\u00f3k el fognak menni r\u00e9szben k\u00fclf\u00f6ldre, r\u00e9szben az ipar ir\u00e1ny\u00e1ba, vagy egyszer\u0171en p\u00e1lyaelhagy\u00f3k lesznek t\u00f6bbsz\u00f6r\u00f6s anyagi megbecs\u00fcl\u00e9s mellett. Az \u00faj \u00e9p\u00fcletek, t\u00f6bb sz\u00e1z tonn\u00e1nyi betonmonstrumok \u00e9s berendez\u00e9sek vagy a kutat\u00e1si \u00e9s innov\u00e1ci\u00f3s p\u00e9nzek egyetemeken t\u00f6rt\u00e9n\u0151 \u00e1tcsatorn\u00e1z\u00e1sa az ipar szerepl\u0151i fel\u00e9 \u2013 amely lehet\u0151s\u00e9geket a modellv\u00e1lt\u00e1s pozit\u00edv hozad\u00e9kaik\u00e9nt \u00e9s sarokk\u00f6veik\u00e9nt mutatnak be a d\u00f6nt\u00e9shoz\u00f3k \u2013 nem eredm\u00e9nyeznek kutat\u00e1si t\u00f6bbletet vagy innov\u00e1ci\u00f3t megfelel\u0151 hum\u00e1ner\u0151forr\u00e1s \u00e9s kapacit\u00e1s n\u00e9lk\u00fcl. A szerz\u0151k \u2013 akik a fels\u0151oktat\u00e1s akt\u00edv r\u00e9sztvev\u0151i \u2013 a jelen vita\u00edr\u00e1sban a szem\u00e9lyes v\u00e9lem\u00e9ny\u00fcket \u00e9s tapasztalataikat foglalj\u00e1k \u00f6szsze, \u00e9s r\u00e1mutatnak egy kisz\u00e1m\u00edthat\u00f3, oktat\u00e1si \u00e9s kutat\u00e1si er\u0151ss\u00e9geket egyar\u00e1nt figyelembe vev\u0151 kutat\u00e1s-, illetve oktat\u00e1shangs\u00falyos \u00e9letp\u00e1lyamodellek bevezet\u00e9s\u00e9nek sz\u00fcks\u00e9gess\u00e9g\u00e9re.<\/p>\n","protected":false},"featured_media":0,"template":"","class_list":["post-2457","publikacio","type-publikacio","status-publish","hentry"],"acf":[],"_links":{"self":[{"href":"https:\/\/fka.mta.hu\/en\/wp-json\/wp\/v2\/publikacio\/2457","targetHints":{"allow":["GET"]}}],"collection":[{"href":"https:\/\/fka.mta.hu\/en\/wp-json\/wp\/v2\/publikacio"}],"about":[{"href":"https:\/\/fka.mta.hu\/en\/wp-json\/wp\/v2\/types\/publikacio"}],"wp:attachment":[{"href":"https:\/\/fka.mta.hu\/en\/wp-json\/wp\/v2\/media?parent=2457"}],"curies":[{"name":"wp","href":"https:\/\/api.w.org\/{rel}","templated":true}]}}

Gondolatok az egyetemi életpályáról, előmenetelről és minősítésről

<p>Az egyetemek teljesítményének, oktatási kapacitásának kulcsa a humánerőforrásokkal való bölcs gazdálkodás, a kompetens és versenyképes kutatói-oktatói réteg megtartása és további erősítése, ami nem képzelhető el kiszámítható és vonzó életpályamodellek bevezetése, illetve a jelenlegi bérek jelentős mértékű emelése nélkül. Ezek hiányában a legígéretesebb oktatók és kutatók el fognak menni részben külföldre, részben az ipar irányába, vagy egyszerűen pályaelhagyók lesznek többszörös anyagi megbecsülés mellett. Az új épületek, több száz tonnányi betonmonstrumok és berendezések vagy a kutatási és innovációs pénzek egyetemeken történő átcsatornázása az ipar szereplői felé – amely lehetőségeket a modellváltás pozitív hozadékaiként és sarokköveiként mutatnak be a döntéshozók – nem eredményeznek kutatási többletet vagy innovációt megfelelő humánerőforrás és kapacitás nélkül. A szerzők – akik a felsőoktatás aktív résztvevői – a jelen vitaírásban a személyes véleményüket és tapasztalataikat foglalják öszsze, és rámutatnak egy kiszámítható, oktatási és kutatási erősségeket egyaránt figyelembe vevő kutatás-, illetve oktatáshangsúlyos életpályamodellek bevezetésének szükségességére.</p>
