{"id":2829,"date":"2024-02-29T18:14:13","date_gmt":"2024-02-29T18:14:13","guid":{"rendered":"https:\/\/fka.mta.hu\/?post_type=fka_merfoldkovek&#038;p=2829"},"modified":"2024-07-17T14:43:26","modified_gmt":"2024-07-17T14:43:26","slug":"6-8-may-2019-hungarian-young-academy-officially-founded","status":"publish","type":"fka_merfoldkovek","link":"https:\/\/fka.mta.hu\/en\/fka_merfoldkovek\/6-8-may-2019-hungarian-young-academy-officially-founded\/","title":{"rendered":"6\u20138 May 2019 \u2013 Hungarian Young Academy officially founded"},"content":{"rendered":"<p><span style=\"font-weight: 400;\">On 6 May, L\u00e1szl\u00f3 Lov\u00e1sz, then President of MTA, announces the foundation of the civic association called Hungarian Young Academy at MTA&#8217;s 191st General Assembly. HYA holds its inaugural session on 7 May and the 3rd Young Researchers&#8217; Forum on 8 May.<\/span><\/p>\n","protected":false},"featured_media":0,"template":"","class_list":["post-2829","fka_merfoldkovek","type-fka_merfoldkovek","status-publish","hentry"],"acf":[],"_links":{"self":[{"href":"https:\/\/fka.mta.hu\/en\/wp-json\/wp\/v2\/fka_merfoldkovek\/2829","targetHints":{"allow":["GET"]}}],"collection":[{"href":"https:\/\/fka.mta.hu\/en\/wp-json\/wp\/v2\/fka_merfoldkovek"}],"about":[{"href":"https:\/\/fka.mta.hu\/en\/wp-json\/wp\/v2\/types\/fka_merfoldkovek"}],"version-history":[{"count":1,"href":"https:\/\/fka.mta.hu\/en\/wp-json\/wp\/v2\/fka_merfoldkovek\/2829\/revisions"}],"predecessor-version":[{"id":2830,"href":"https:\/\/fka.mta.hu\/en\/wp-json\/wp\/v2\/fka_merfoldkovek\/2829\/revisions\/2830"}],"wp:attachment":[{"href":"https:\/\/fka.mta.hu\/en\/wp-json\/wp\/v2\/media?parent=2829"}],"curies":[{"name":"wp","href":"https:\/\/api.w.org\/{rel}","templated":true}]}}

<p><span style="font-weight: 400;">On 6 May, László Lovász, then President of MTA, announces the foundation of the civic association called Hungarian Young Academy at MTA&#8217;s 191st General Assembly. HYA holds its inaugural session on 7 May and the 3rd Young Researchers&#8217; Forum on 8 May.</span></p>
